nder when 104 is divided by x(-3).
50
Let b = -7150 - -7221. Calculate the remainder when 1061 is divided by b.
67
Suppose 2*b = m + 4573, 5*b - m - 7651 = 3780. Calculate the remainder when b is divided by 27.
18
Let u = -80 + 79. Let w be -12*-2*u/(-3). Suppose t = w*t - 448. Calculate the remainder when t is divided by 17.
13
Let s be 1 - 183/(1 + -4). Let w = s - 48. Let j = w + -4. What is the remainder when 49 is divided by j?
9
Calculate the remainder when 270 is divided by (64/(-192))/(2/(-306)).
15
Let h(r) = 2554*r - 7568. What is the remainder when 509 is divided by h(3)?
39
Let p be ((-40)/(-130))/(6/39). Suppose o - 3*n = 7, -4*n = -p*o + 7 + 13. Calculate the remainder when o is divided by 10.
6
Suppose -7*b - 5 - 2 = 0. Calculate the remainder when 119 is divided by 7/(14/(-4)) + (11 - b).
9
Let z(q) = -25*q**3 + 10*q**2 + 32*q + 48. Calculate the remainder when z(-3) is divided by 229.
30
Let g = 8210 + -8156. What is the remainder when g is divided by 8?
6
Calculate the remainder when 843 is divided by (-5719)/(-63) - (20 - (-3094)/(-153)).
24
Suppose -12 = 234*w - 232*w. What is the remainder when (0 + 12/w - -4) + 99 is divided by 17?
16
Let w be 1/(6/(-22)) - 4/12. Let h be (-6 + 4 - w) + 13 + -1. Calculate the remainder when 43 is divided by 248/h + (-6)/(-21).
7
Suppose 4*d - 16 = 4*z, 0*z = 3*d - z - 6. Let v be d/3 - (-2170)/(-30). Let m = v - -106. What is the remainder when m is divided by 9?
7
Let y(p) = 2*p + 46. Let x = 80 + -64. Let q(w) = 3*w - 10. What is the remainder when y(x) is divided by q(10)?
18
Let f = -337 - -375. Suppose 3*m + 66 = 5*l + 7*m, -5*l + 3*m = -f. What is the remainder when 53 is divided by l?
3
Suppose -n = -h - 88, n - 2*h = -4*h + 100. Calculate the remainder when n is divided by 40.
12
Let z(l) = 2*l**3 - 2*l**2 + 2*l - 4. Let t = 11 - 6. Suppose 2*v - t = -1. Calculate the remainder when 30 is divided by z(v).
6
Let s(j) = j**3 + 9*j**2 - j - 16. Let w be s(-5). Suppose -w = -5*x + 4*x. What is the remainder when x is divided by 9?
8
Let r = -319 + 321. Suppose -3*i = 5*q - 1210, 0 = -r*q + 3*i + 723 - 218. Suppose n - 30 = 11. What is the remainder when q is divided by n?
40
Suppose 51*n = 59*n + 168. Suppose 6 = 2*y - 112. Calculate the remainder when y is divided by 148/8 + n/(-14).
19
Suppose 0 = -76*x + 81*x - 1985. Suppose 43 = -6*v + x. What is the remainder when 176 is divided by v?
58
Let b(x) = -154*x - 5617. What is the remainder when 1147 is divided by b(-38)?
207
Calculate the remainder when 1124/(-14)*(-317 + 198) is divided by 15.
14
Let q = -186 - -268. Suppose -u = -23 + 9. Calculate the remainder when q is divided by u.
12
Let l(f) = -f**3 - f**2 + 3*f + 23. Let z be l(-3). Suppose -8*h - 3*k - z = -9*h, -h + 11 = 4*k. What is the remainder when 91 is divided by h?
22
Suppose 9*x - 147 = -732. Let g = -61 - x. Calculate the remainder when -12*((-22)/g + 3) is divided by 8.
6
Let m(v) = -2*v**2 + 8*v + 63. Let h be m(-11). Let w = -223 - h. Calculate the remainder when 217 is divided by w.
41
Suppose 6*a - 42 = 9*a. Let f = -21 + 14. Let d = f - a. Calculate the remainder when 12 is divided by d.
5
Let d(b) = 12*b**2 - b - 2. Let r(w) = -w**2 - 12*w - 21. Let h be r(-9). Calculate the remainder when d(2) is divided by (h/15)/(2/120).
20
Let z = 412 + -407. Suppose 8*m - z*m - s = 95, 4*m - 116 = 4*s. What is the remainder when 192 is divided by m?
27
Let z(j) = -j**3 + 12*j**2 - 8*j - 25. Let f be (-3)/((-9)/(-22))*90/(-60). Calculate the remainder when (-32)/(-40)*(-50)/(-4) is divided by z(f).
2
What is the remainder when 4173 is divided by (-3)/(-12) + (-102)/(-8) + -19 + 24?
15
Suppose -4*d + 3*d + 11 = 0. Let b(j) = 4 - 9 - 13*j + d*j - 16. What is the remainder when 88 is divided by b(-26)?
26
Let m(h) = 4*h**2 - 4*h - 5. Let n be m(-6). Let s = n - 147. What is the remainder when 92 is divided by s?
12
Let p(c) be the third derivative of 7*c**4/24 - 8*c**3 - 282*c**2. What is the remainder when 42 is divided by p(9)?
12
Suppose 16*y + 198 = 49*y. Calculate the remainder when 36 is divided by y.
0
Calculate the remainder when 269 is divided by (-5 + 4425/(-30))/((-10)/4).
25
Suppose 735 = 5*m + 8*z - 3*z, 0 = -3*m - 5*z + 437. What is the remainder when m is divided by 54?
41
Suppose 29*k + 288 = 37*k. Suppose -u + 526 = 5*c - 3*u, 0 = -c - 3*u + 112. What is the remainder when c is divided by k?
34
Let t(i) = 2*i. Let a(c) = c. Let z(k) = 9*a(k) - 4*t(k). Calculate the remainder when 11 is divided by z(3).
2
Suppose 3*l = -5*d + 3*d + 596, -l = 2*d - 604. Calculate the remainder when d is divided by 11.
7
Suppose -3*j + 40 = -4*k + 24, -j - 3*k - 12 = 0. Suppose 3*d - 10 - 26 = -5*m, 3*m + 2*d - 22 = j. What is the remainder when 17 is divided by m?
5
Suppose 13*q - 1670 = 8*q. Let w = q + -210. Calculate the remainder when w is divided by 43.
38
Suppose -76 = -3*s - s. Let c(t) = 4306*t - 55933. Calculate the remainder when c(13) is divided by s.
7
Suppose 0 = -10*x - 2 + 32. Suppose -5*v = x*b - 6*b - 474, 0 = -v + b + 94. Calculate the remainder when v is divided by 26.
18
Let f = -18129 - -18181. Calculate the remainder when 462 is divided by f.
46
Suppose 3*g + 9*g = 1200. Suppose -3*l + 697 = 38*l. What is the remainder when g is divided by l?
15
Let t be (-4)/8*(-4 - (-3 + -1)). Suppose 19 = -2*h - 13. What is the remainder when t - h - -1 - 3 is divided by 11?
3
Let k(l) = -27*l - 9. Let x(c) = 6 - 2 - 2*c + 21*c - 5*c. Let j(y) = 3*k(y) + 5*x(y). What is the remainder when j(-5) is divided by 25?
23
Let w = 50 + -30. Suppose -31*z + w = -27*z. Suppose -z*d + 9 = -101. Calculate the remainder when 41 is divided by d.
19
Suppose -1133 - 1003 = 12*d. Calculate the remainder when ((-48)/20)/(5/(d - -3)) is divided by 49.
35
Let y(j) = j**3 + 29*j**2 + 59*j - 9. Let z be y(-26). Suppose -5*l = 24*q - 19*q - z, 9 = 3*l. Calculate the remainder when q is divided by 31.
1
Suppose 2*u = 2*a - 6, 6*a - 9 = 3*u + 2*a. Calculate the remainder when 127 is divided by (u/(-7))/((-4)/(-182))*2.
10
Let k = -26644 + 38441. What is the remainder when k is divided by 9?
7
Suppose -7*m + 221 + 65 = 6*m. Calculate the remainder when 1029 is divided by m.
17
Let q = 1378 + -1250. What is the remainder when q is divided by 68?
60
Let b(x) = -3*x**2 + 2*x - 48. Let j be b(-13). Let u = j - -623. What is the remainder when 194 is divided by u?
26
Let g be 914/10 + 2/(-5). Suppose 5*l - g = 14. Calculate the remainder when l is divided by 45652/4068 - (20/25)/((-36)/(-10)).
10
Suppose -450 - 160 = 5*q. Let v = -99 - q. What is the remainder when 76 is divided by v?
7
Suppose -4*w + 214 = 210. What is the remainder when 28 is divided by w?
0
Suppose 5*b - 12 = -3*m, -b = -2*b. Suppose -12*c = 3221 - 353. Let u = c - -245. Calculate the remainder when u is divided by m.
2
Suppose 482 = 56*b - 52*b + 3*t, 4*b = -2*t + 480. What is the remainder when 14515 is divided by b?
116
Let x = 424672 - 424614. Suppose -3*n = 5*r - 133, -2 - 18 = -4*r. Calculate the remainder when x is divided by n.
22
Let i be (-3)/6*(-29 - -19). Suppose i*q = 18 + 52. Calculate the remainder when 249 is divided by q.
11
Suppose -9*y - 2893 = -805. Let g = y + 407. What is the remainder when g is divided by 16?
15
Suppose 45 = 5*l + 25. Suppose 0 = -3*j + 10*j - 357. What is the remainder when j is divided by l?
3
Let w(k) = 2*k**2 - 91*k + 3476. What is the remainder when w(40) is divided by 1012?
0
Let u(r) = -2*r**2 - 5*r + 19. Let a be u(-4). Suppose -a + 2 = -o. What is the remainder when 15 is divided by o?
0
Calculate the remainder when 140 is divided by 661/(-17)*(0 + -1) - 1906/(-16201).
23
Suppose 5*t + 3*m = 152, -5*t + 26 = m - 118. Calculate the remainder when 6/2 + 84 + (-4 - -14) is divided by t.
13
Let c(b) = b**3 - 3*b**2 + 4*b - 1. Let j be c(3). Suppose 15*q = j*q + 676. What is the remainder when q is divided by 58?
53
Suppose -13*s = 26*s - 19929. Let m = s + -499. Calculate the remainder when 16 is divided by m.
4
Let a be 0*((-35)/10 + 4). Suppose -c - 2 = 2*y - 4*y, a = 4*c + y - 10. Suppose -x + 3*x - c*o = 16, o = -x + 2. What is the remainder when 23 is divided by x?
3
Let v = 244 + -247. Let r(q) = 9*q**2 + 3*q - 1. What is the remainder when 279 is divided by r(v)?
66
Let n b